{"id":31,"date":"2024-02-07T14:58:09","date_gmt":"2024-02-07T14:58:09","guid":{"rendered":"http:\/\/arch-papp.com\/?page_id=31"},"modified":"2026-03-06T17:27:45","modified_gmt":"2026-03-06T17:27:45","slug":"pracownia","status":"publish","type":"page","link":"https:\/\/arch-papp.com\/?page_id=31","title":{"rendered":"OFERTA"},"content":{"rendered":"\n<p><\/p>\n\n\n\n<p class=\"has-text-align-left\"><strong>Pracownia PAPP zajmuje si\u0119 projektowaniem architektury oraz przestrzeni publicznych.<\/strong><\/p>\n\n\n\n<p><\/p>\n\n\n<p style=\"text-align: justify;\">W projektach \u0142\u0105czymy r\u00f3\u017cne dziedziny \u2013 od <strong>architektury budynk\u00f3w mieszkalnych i u\u017cyteczno\u015bci publicznej<\/strong>, przez kszta\u0142towanie <strong>przestrzeni publicznych i teren\u00f3w rekreacyjnych,<\/strong> po <strong>rewaloryzacj\u0119 obiekt\u00f3w historycznych, projektowanie wn\u0119trz, element\u00f3w ma\u0142ej architektury i identyfikacji wizualnej.<\/strong><\/p>\n\n\n<div style=\"height:20px\" aria-hidden=\"true\" class=\"wp-block-spacer\"><\/div>\n\n\n<p style=\"text-align: justify;\">W rozwi\u0105zaniach uwzgl\u0119dniamy perspektyw\u0119 energetyczn\u0105, instalacyjn\u0105, wn\u0119trzarsk\u0105 i krajobrazow\u0105, co zapewnia sp\u00f3jno\u015b\u0107 rozwi\u0105za\u0144 z otoczeniem i kolejnymi etapami inwestycji. Zakres dzia\u0142a\u0144 obejmuje r\u00f3wnie\u017c kosztorysy budowlane, charakterystyki energetyczne i dokumenty wspieraj\u0105ce proces inwestycyjny. Kompetencje te w\u0142\u0105czane s\u0105 od najwcze\u015bniejszych etap\u00f3w, co porz\u0105dkuje proces decyzyjny, ogranicza ryzyko i sprzyja przewidywalno\u015bci koszt\u00f3w w ca\u0142ym cyklu \u017cycia obiektu.<\/p>\n\n\n<div style=\"height:20px\" aria-hidden=\"true\" class=\"wp-block-spacer\"><\/div>\n\n\n\n<p>Praktyka projektowa opiera si\u0119 na trzech kluczowych filarach:<\/p>\n\n\n\n<div style=\"height:20px\" aria-hidden=\"true\" class=\"wp-block-spacer\"><\/div>\n\n\n<p><p style=\"text-align: justify;\">\u2013 <strong>Kontekst<\/strong> \u2014 rozumiany szeroko: to m.in. uwarunkowania przestrzenne, konserwatorskie, planistyczne i prawne, realia wykonawcze oraz kompozycyjne. Niezale\u017cnie, czy projektujemy budynek, plac publiczny czy detal architektoniczny \u2013 istotny jest dla nas kontekst, w kt\u00f3rym obiekt powstaje \u2014 dzi\u0119ki niemu rozwi\u0105zania s\u0105 celowe oraz dobrze osadzone w miejscu i czasie.<\/p>\n<\/p>\n\n\n<div style=\"height:20px\" aria-hidden=\"true\" class=\"wp-block-spacer\"><\/div>\n\n\n<p><p style=\"text-align: justify;\">\u2013 <strong>Cel <\/strong> \u2014 projekt odpowiada planowanej funkcji, sposobowi u\u017cytkowania i harmonogramowi przedsi\u0119wzi\u0119cia. Dob\u00f3r rozwi\u0105za\u0144 prowadzimy w dialogu z inwestorem, z zachowaniem ram finansowych obejmuj\u0105cych zar\u00f3wno nak\u0142ady inwestycyjne, jak i koszty eksploatacji w cyklu \u017cycia obiektu.<\/p>\n<\/p>\n\n\n<div style=\"height:20px\" aria-hidden=\"true\" class=\"wp-block-spacer\"><\/div>\n\n\n<p><p style=\"text-align: justify;\">\u2013 <strong>Estetyka i funkcjonalno\u015b\u0107<\/strong> \u2014 forma ma wzbogaca\u0107 przestrze\u0144 oraz zachowywa\u0107 przejrzysto\u015b\u0107, funkcjonalno\u015b\u0107 i bezpiecze\u0144stwo. Po\u0142\u0105czenie estetyki i funkcjonalno\u015bci osadzone w kontek\u015bcie, sk\u0142ada si\u0119 na jako\u015b\u0107 architektury: projektowane rozwi\u0105zania \u0142\u0105cz\u0105 walory estetyczne z praktycznym dzia\u0142aniem i trwa\u0142o\u015bci\u0105.<\/p>\n<\/p>\n\n\n<div style=\"height:50px\" aria-hidden=\"true\" class=\"wp-block-spacer\"><\/div>\n\n\n\n<div style=\"height:100px\" aria-hidden=\"true\" class=\"wp-block-spacer\"><\/div>\n","protected":false},"excerpt":{"rendered":"<p>Pracownia PAPP zajmuje si\u0119 projektowaniem architektury oraz przestrzeni publicznych. W projektach \u0142\u0105czymy r\u00f3\u017cne dziedziny \u2013 od architektury budynk\u00f3w mieszkalnych i u\u017cyteczno\u015bci publicznej, przez kszta\u0142towanie przestrzeni publicznych i teren\u00f3w rekreacyjnych, po rewaloryzacj\u0119 obiekt\u00f3w historycznych, projektowanie wn\u0119trz, element\u00f3w ma\u0142ej architektury i identyfikacji wizualnej. W rozwi\u0105zaniach uwzgl\u0119dniamy perspektyw\u0119 energetyczn\u0105, instalacyjn\u0105, wn\u0119trzarsk\u0105 i krajobrazow\u0105, co zapewnia sp\u00f3jno\u015b\u0107 rozwi\u0105za\u0144 z [&hellip;]<\/p>\n","protected":false},"author":2,"featured_media":0,"parent":0,"menu_order":0,"comment_status":"closed","ping_status":"closed","template":"","meta":{"footnotes":""},"class_list":["post-31","page","type-page","status-publish","hentry"],"_links":{"self":[{"href":"https:\/\/arch-papp.com\/index.php?rest_route=\/wp\/v2\/pages\/31","targetHints":{"allow":["GET"]}}],"collection":[{"href":"https:\/\/arch-papp.com\/index.php?rest_route=\/wp\/v2\/pages"}],"about":[{"href":"https:\/\/arch-papp.com\/index.php?rest_route=\/wp\/v2\/types\/page"}],"author":[{"embeddable":true,"href":"https:\/\/arch-papp.com\/index.php?rest_route=\/wp\/v2\/users\/2"}],"replies":[{"embeddable":true,"href":"https:\/\/arch-papp.com\/index.php?rest_route=%2Fwp%2Fv2%2Fcomments&post=31"}],"version-history":[{"count":33,"href":"https:\/\/arch-papp.com\/index.php?rest_route=\/wp\/v2\/pages\/31\/revisions"}],"predecessor-version":[{"id":735,"href":"https:\/\/arch-papp.com\/index.php?rest_route=\/wp\/v2\/pages\/31\/revisions\/735"}],"wp:attachment":[{"href":"https:\/\/arch-papp.com\/index.php?rest_route=%2Fwp%2Fv2%2Fmedia&parent=31"}],"curies":[{"name":"wp","href":"https:\/\/api.w.org\/{rel}","templated":true}]}}