{"id":608,"date":"2025-09-09T08:44:01","date_gmt":"2025-09-09T08:44:01","guid":{"rendered":"https:\/\/arch-papp.com\/?page_id=608"},"modified":"2025-09-09T19:03:21","modified_gmt":"2025-09-09T19:03:21","slug":"rewitalizacja-parkow-darlowo","status":"publish","type":"page","link":"https:\/\/arch-papp.com\/?page_id=608","title":{"rendered":"REWITALIZACJA PARK\u00d3W DAR\u0141OWO"},"content":{"rendered":"\n<div class=\"wp-block-columns alignwide is-layout-flex wp-container-core-columns-is-layout-7e464bea wp-block-columns-is-layout-flex\">\n<div class=\"wp-block-column is-layout-flow wp-block-column-is-layout-flow\" style=\"padding-right:var(--wp--preset--spacing--30);flex-basis:300px\">\n<p>REWITALIZACJA PARK\u00d3W MIEJSKICH<\/p>\n\n\n\n<p>DAR\u0141OWO, ZACHODNIOPOMORSKIE<\/p>\n\n\n\n<p>koncepcja, program funkcjonalno &#8211; u\u017cytkowy, projekt budowlano &#8211; wykonawczy realizacyjny<\/p>\n<\/div>\n\n\n\n<div class=\"wp-block-column is-layout-flow wp-block-column-is-layout-flow\" style=\"padding-bottom:var(--wp--preset--spacing--30);flex-basis:1000px\">\n<\/div>\n<\/div>\n\n\n\n<p><\/p>\n","protected":false},"excerpt":{"rendered":"<p>REWITALIZACJA PARK\u00d3W MIEJSKICH DAR\u0141OWO, ZACHODNIOPOMORSKIE koncepcja, program funkcjonalno &#8211; u\u017cytkowy, projekt budowlano &#8211; wykonawczy realizacyjny<\/p>\n","protected":false},"author":2,"featured_media":572,"parent":131,"menu_order":0,"comment_status":"closed","ping_status":"closed","template":"page-wide-2","meta":{"footnotes":""},"class_list":["post-608","page","type-page","status-publish","has-post-thumbnail","hentry"],"_links":{"self":[{"href":"https:\/\/arch-papp.com\/index.php?rest_route=\/wp\/v2\/pages\/608","targetHints":{"allow":["GET"]}}],"collection":[{"href":"https:\/\/arch-papp.com\/index.php?rest_route=\/wp\/v2\/pages"}],"about":[{"href":"https:\/\/arch-papp.com\/index.php?rest_route=\/wp\/v2\/types\/page"}],"author":[{"embeddable":true,"href":"https:\/\/arch-papp.com\/index.php?rest_route=\/wp\/v2\/users\/2"}],"replies":[{"embeddable":true,"href":"https:\/\/arch-papp.com\/index.php?rest_route=%2Fwp%2Fv2%2Fcomments&post=608"}],"version-history":[{"count":6,"href":"https:\/\/arch-papp.com\/index.php?rest_route=\/wp\/v2\/pages\/608\/revisions"}],"predecessor-version":[{"id":722,"href":"https:\/\/arch-papp.com\/index.php?rest_route=\/wp\/v2\/pages\/608\/revisions\/722"}],"up":[{"embeddable":true,"href":"https:\/\/arch-papp.com\/index.php?rest_route=\/wp\/v2\/pages\/131"}],"wp:featuredmedia":[{"embeddable":true,"href":"https:\/\/arch-papp.com\/index.php?rest_route=\/wp\/v2\/media\/572"}],"wp:attachment":[{"href":"https:\/\/arch-papp.com\/index.php?rest_route=%2Fwp%2Fv2%2Fmedia&parent=608"}],"curies":[{"name":"wp","href":"https:\/\/api.w.org\/{rel}","templated":true}]}}